3.
242
Calculate the remainder when 4270 is divided by 1415.
25
Calculate the remainder when 653 is divided by 125.
28
What is the remainder when 131135 is divided by 332?
327
What is the remainder when 1824477 is divided by 42?
39
What is the remainder when 1309 is divided by 17?
0
What is the remainder when 5109 is divided by 1278?
1275
What is the remainder when 11335 is divided by 2560?
1095
Calculate the remainder when 62934 is divided by 10487.
12
What is the remainder when 24021 is divided by 652?
549
Calculate the remainder when 38123 is divided by 2242.
9
What is the remainder when 10644 is divided by 804?
192
Calculate the remainder when 118905 is divided by 436.
313
What is the remainder when 30195 is divided by 2156?
11
Calculate the remainder when 36360 is divided by 93.
90
Calculate the remainder when 9620 is divided by 947.
150
Calculate the remainder when 5513 is divided by 100.
13
Calculate the remainder when 20708 is divided by 5175.
8
What is the remainder when 17086 is divided by 816?
766
Calculate the remainder when 39100 is divided by 6.
4
What is the remainder when 2589 is divided by 347?
160
Calculate the remainder when 13101 is divided by 13057.
44
Calculate the remainder when 399 is divided by 19.
0
What is the remainder when 15736 is divided by 130?
6
What is the remainder when 1788 is divided by 242?
94
Calculate the remainder when 4928 is divided by 184.
144
Calculate the remainder when 7357 is divided by 1015.
252
What is the remainder when 2372 is divided by 669?
365
Calculate the remainder when 12900 is divided by 717.
711
What is the remainder when 32188 is divided by 3261?
2839
Calculate the remainder when 29701 is divided by 79.
76
What is the remainder when 56019 is divided by 55658?
361
Calculate the remainder when 526 is divided by 486.
40
What is the remainder when 2554 is divided by 428?
414
What is the remainder when 67674 is divided by 51?
48
Calculate the remainder when 1494 is divided by 605.
284
What is the remainder when 9702 is divided by 324?
306
Calculate the remainder when 13999 is divided by 4662.
13
Calculate the remainder when 12237 is divided by 128.
77
What is the remainder when 1167943 is divided by 58?
55
What is the remainder when 10108 is divided by 98?
14
Calculate the remainder when 85381 is divided by 22.
21
What is the remainder when 11990 is divided by 924?
902
Calculate the remainder when 2409 is divided by 358.
261
What is the remainder when 146975 is divided by 414?
5
What is the remainder when 275803 is divided by 1429?
6
What is the remainder when 166260 is divided by 55418?
6
Calculate the remainder when 5823 is divided by 234.
207
What is the remainder when 632 is divided by 133?
100
What is the remainder when 949462 is divided by 5160?
22
Calculate the remainder when 311 is divided by 154.
3
What is the remainder when 21092 is divided by 22?
16
Calculate the remainder when 10102 is divided by 5038.
26
What is the remainder when 51160 is divided by 1262?
680
What is the remainder when 81860 is divided by 19?
8
What is the remainder when 6191 is divided by 137?
26
Calculate the remainder when 3501 is divided by 495.
36
What is the remainder when 31353 is divided by 224?
217
What is the remainder when 186838 is divided by 322?
78
Calculate the remainder when 201492 is divided by 665.
662
Calculate the remainder when 28594 is divided by 325.
319
Calculate the remainder when 4000643 is divided by 34.
33
What is the remainder when 1175 is divided by 582?
11
What is the remainder when 7396 is divided by 6?
4
Calculate the remainder when 21999 is divided by 256.
239
What is the remainder when 5925 is divided by 146?
85
What is the remainder when 11922 is divided by 2971?
38
What is the remainder when 96745 is divided by 271?
269
What is the remainder when 32083 is divided by 51?
4
Calculate the remainder when 112359 is divided by 8642.
13
Calculate the remainder when 4559 is divided by 128.
79
What is the remainder when 1410016 is divided by 7?
6
What is the remainder when 6817 is divided by 853?
846
Calculate the remainder when 6471 is divided by 283.
245
Calculate the remainder when 26742 is divided by 423.
93
What is the remainder when 2033 is divided by 426?
329
Calculate the remainder when 10415 is divided by 29.
4
Calculate the remainder when 2753 is divided by 2635.
118
What is the remainder when 7952 is divided by 199?
191
Calculate the remainder when 63365 is divided by 75.
65
Calculate the remainder when 29189 is divided by 210.
209
Calculate the remainder when 7321 is divided by 7244.
77
What is the remainder when 9891 is divided by 41?
10
What is the remainder when 13805 is divided by 115?
5
Calculate the remainder when 878408 is divided by 657.
656
What is the remainder when 198780 is divided by 9?
6
What is the remainder when 11280 is divided by 3759?
3
What is the remainder when 3066 is divided by 512?
506
What is the remainder when 224561 is divided by 854?
813
What is the remainder when 7925 is divided by 213?
44
What is the remainder when 48216 is divided by 9642?
6
Calculate the remainder when 13995 is divided by 39.
33
What is the remainder when 21690 is divided by 7226?
12
Calculate the remainder when 105378 is divided by 5.
3
Calculate the remainder when 40550 is divided by 274.
272
What is the remainder when 3888 is divided by 554?
10
Calculate the remainder when 12086 is divided by 220.
206
Calculate the remainder when 206086 is divided by 41217.
1
Calculate the remainder when 1079 is divided by 228.
167
What is the remainder when 1419 is divided by 26?
15
What is the remainder when 3304 is divided by 548?
16
What is the remainder when 5306 is divided by 58?
28
What is the remainder when 9756 is divided by 9667?
89
What is the remainder when 56247 is divided by 158?
157
What is the remainder when 115860 is divided by 17?
5
What is the remainder when 9212 is divided by 2294?
36
Calculate the remainder when 313657 is divided by 3825.
7
Calculate the remainder when 27502 is divided by 5280.
1102
What is the remainder when 24303 is divided by 66?
15
Calculate the remainder when 112780 is divided by 30.
10
Calculate the remainder when 547950 is divided by 369.
354
What is the remainder when 2585 is divided by 672?
569
Calculate the remainder when 272555 is divided by 141.
2
What is the remainder when 29942 is divided by 2943?
512
Calculate the remainder when 38703 is divided by 2579.
18
What is the remainder when 2795 is divided by 31?
5
Calculate the remainder when 36684 is divided by 9148.
92
Calculate the remainder when 57406 is divided by 552.
550
What is the remainder when 49058 is divided by 980?
58
What is the remainder when 38245 is divided by 8?
5
Calculate the remainder when 37115 is divided by 1058.
85
Calculate the remainder when 1881 is divided by 391.
317
What is the remainder when 5629 is divided by 30?
19
Calculate the remainder when 185095 is divided by 19.
16
Calculate the remainder when 4339 is divided by 136.
123
Calculate the remainder when 1236 is divided by 626.
610
What is the remainder when 36326 is divided by 36326?
0
What is the remainder when 15563 is divided by 1945?
3
What is the remainder when 32315 is divided by 143?
140
What is the remainder when 72439 is divided by 35988?
463
What is the remainder when 5383 is divided by 25?
8
What is the remainder when 43912 is divided by 23?
5
Calculate the remainder when 14607 is divided by 22.
21
Calculate the remainder when 3132 is divided by 7.
3
Calculate the remainder when 158874 is divided by 16.
10
Calculate the remainder when 2441 is divided by 94.
91
What is the remainder when 244 is divided by 60?
4
What is the remainder when 9140 is divided by 4264?
612
Calculate the remainder when 2210852 is divided by 24.
20
What is the remainder when 129982 is divided by 24?
22
What is the remainder when 1153327 is divided by 29?
26
What is the remainder when 1718 is divided by 439?
401
What is the remainder when 2300 is divided by 540?
140
Calculate the remainder when 28611 is divided by 71.
69
What is the remainder when 31123 is divided by 566?
559
What is the remainder when 19365 is divided by 29?
22
What is the remainder when 772817 is divided by 186?
173
What is the remainder when 1351